 - 2*y**4/3 + 2*y**3/3 - 9*y**2. Let n be t(10). Calculate the highest common divisor of 352 and n.
44
Let f(d) = 37*d + 18 - 121 - 78*d + 25*d. Let i be f(-10). What is the highest common divisor of 38 and i?
19
Let y = 1544 - -706. What is the highest common divisor of 2610 and y?
90
Let y = -17568 - -17696. Calculate the highest common divisor of 7040 and y.
128
Let n(k) = -13*k**3 - 7*k**2 + 32*k + 74. Let x be n(-2). What is the greatest common factor of 2 and x?
2
Let r(o) be the first derivative of -7*o**2 + 5*o + 63. Let q be r(0). Calculate the highest common divisor of q and 80.
5
Suppose 56*z + 1073 = -607. Let m be (8 - (-234)/z) + (-74)/(-5). Suppose -5*s - v + 160 = 15, 3*v + 75 = 2*s. Calculate the greatest common factor of s and m.
15
Let n(t) = 2*t**2 + 14*t + 4. Let z be n(-7). Let c(b) = -b - 3. Let v be c(-2). Let p be z/(4/23) - v. Calculate the greatest common factor of 12 and p.
12
Let v be (120/(-35))/(25/30*4/(-280)). What is the highest common divisor of v and 54?
18
Let o = -2004 + 2735. Calculate the greatest common factor of o and 430.
43
Suppose -29727 + 171759 + 52395 = 57*v. What is the highest common divisor of v and 27?
9
Let k be (22 + (-18 - -1))*17. What is the greatest common divisor of 153 and k?
17
Let l = 3200 + -1927. Calculate the greatest common factor of 57 and l.
19
Suppose -40*w = -43*w + 2*q + 21720, 13*w - 2*q - 94100 = 0. What is the greatest common factor of w and 308?
154
Let g(y) = -61*y**2 - 1469*y - 18. Let c be g(-24). What is the greatest common factor of c and 138?
6
Let q(r) = 591*r - 411. Let m be q(1). What is the greatest common factor of 684 and m?
36
Let i(w) = -181*w + 520. Let q be i(-17). What is the greatest common divisor of q and 99?
33
Let k be 7/(21/24) - 4. Suppose -12 = k*u - 64. Let f = 1000 - 818. What is the highest common divisor of u and f?
13
Let c be (-114)/418 - (-1244)/44. What is the greatest common divisor of c and 100?
4
Suppose -59 + 59 = -18*m. Suppose m = -3*o + 20*o - 1190. Let s be (-6)/(-5)*(-1 + 36). What is the highest common divisor of o and s?
14
Suppose -4*x - 3*d = -320 - 51, x - 96 = -4*d. What is the highest common divisor of 14168 and x?
92
Let i = 56 + -53. Suppose -i*q + 165 = -30. Let l = q + -35. What is the greatest common factor of l and 150?
30
Let k(i) = -6*i**3 + 51*i**2 + 48*i + 3. Let z be k(9). Calculate the highest common factor of z and 4928.
64
Let i(y) = y**2 - y - 18. Suppose 3*v - 17 = -32. Let z be i(v). Calculate the highest common divisor of z and 84.
12
Suppose 33*s - 30*s + 8643 = 4*a, s + 10801 = 5*a. Suppose 0*b + a = 6*b. What is the highest common factor of 9 and b?
9
Suppose -8720 = -27*m + 11*m. Calculate the highest common divisor of 5 and m.
5
Let l be 78211/(-6)*-1 + -19 + (-2825)/(-150). Calculate the highest common divisor of 30 and l.
15
Let i(s) = 3*s**2 + 16*s - 91. Let f be i(11). What is the greatest common factor of 21 and f?
7
Suppose 3*c - 104 = 2*c. Let u be (((-702)/(-378))/((-2)/(-24)))/((-4)/(-14)). What is the highest common factor of u and c?
26
Let q be ((-1496)/(-102))/(4/54). Let i = q - 172. Calculate the greatest common divisor of 377 and i.
13
Suppose -89*h + 2392 = 612. Let r be (1 + -1 - -1) + 139. Calculate the greatest common divisor of h and r.
20
Suppose -12084 = -3*z - 5*i, 5*z + 11*i = 16*i + 20140. Calculate the highest common divisor of 76 and z.
76
Let z(q) = 20*q - 23. Let m be z(0). Let g = 50 + m. What is the greatest common factor of 72 and g?
9
Let y(a) = 7 - 2*a - 16 + 5. Suppose -2*z = 3*j + 33, 3*j = -z - 0*j - 24. Let n be y(z). What is the highest common factor of n and 21?
7
Let g be (3 + (-18)/42)*-7. Let f be 3 + (-1744)/(-28) + g/63. What is the greatest common factor of f and 39?
13
Suppose 3*a - 2*s = 29, 2*a + 2*a + 3*s - 50 = 0. Let m = 77 - 35. Suppose -4*b + 134 = -m. What is the highest common divisor of b and a?
11
Suppose 213360 - 13520 = 1421*r + 15110. Let z be 8/2 - (1 + -1). Suppose -3*p + 4 = -z*p, -4*f + 44 = -p. Calculate the highest common factor of r and f.
10
Suppose -219*b = -215*b + 32, -5*g - 3*b = -6901. What is the highest common divisor of 554 and g?
277
Let x be 78/52 - ((-2)/(-10) - (-53188)/(-40)). What is the greatest common factor of x and 1936?
121
Let k(p) = -2*p**3 - 13*p**2 - 10*p - 37. Let o be k(-7). Let m = 137 - o. Calculate the highest common factor of m and 275.
55
Suppose -2140 = -5*s - 5*b, b - 2902 + 4634 = 4*s. Calculate the highest common divisor of 372 and s.
12
Suppose 0 = 2966*i - 2973*i + 2450. What is the greatest common factor of i and 252?
14
Let g be (1 - 6/(-3))*5. Let r(u) = -u**3 - 5*u**2 + 4*u + 6. Let q be r(-7). Let d = q - 73. Calculate the highest common divisor of g and d.
3
Let a = 17816 - 17432. What is the greatest common factor of a and 7248?
48
Let v be (-2)/3 - (178/(-6) + 3). Suppose -v = 21*k - 23*k. Calculate the greatest common divisor of k and 195.
13
Let m be (1 + (-13)/3)*(-120)/(-400)*-4. Calculate the greatest common divisor of 2308 and m.
4
Let n = 472 - 132. Let c = -320 + n. Calculate the greatest common factor of c and 740.
20
Let s(j) = -j**2 - 10*j + 26. Let p = -460 - -449. Let u be s(p). What is the highest common factor of u and 465?
15
Suppose 3*g = -5*y + 927, 5*g = 2*y + 382 + 1163. Let i = g - 210. What is the greatest common factor of i and 18?
9
Suppose 11*m + 181 = 1270. Suppose -3*q + 0*q = 0. Suppose q = 5*x + 6 - 51. Calculate the highest common divisor of m and x.
9
Let u(c) = -6*c**3 - 3*c**2 - 2*c - 3. Let z be u(-2). Suppose -22*w + 1768 = 12*w. Let n = w - z. What is the greatest common divisor of 15 and n?
15
Let x(a) be the second derivative of a**4/6 - a**3/3 - a**2/2 + 2*a. Let q be x(5). Suppose 9*r = -23 + 257. What is the greatest common divisor of q and r?
13
Let x = -6 - -7. Suppose -x - 1 = -s. Suppose 7*l + 460 = 30*l. Calculate the highest common factor of s and l.
2
Let v(o) = -6*o**2 + 128*o - 2. Let f be v(21). Suppose -4*m + 88 = -0*m. Let y be 1434/22 + f/m + -2. Calculate the highest common factor of y and 13.
13
Let u be 116*(-1 - 2)/3*(-1246)/356. Calculate the greatest common factor of u and 2146.
58
Suppose -56 = -54*t - 2. What is the greatest common factor of 19 and t?
1
Let z(x) = 20*x**2 - 82*x + 859. Let v be z(12). What is the highest common divisor of 133 and v?
19
Let v be 6 + (-10)/(-5)*-1. Suppose 0 = k - 26 + v. Suppose -43 + k = -3*g. Calculate the highest common divisor of 91 and g.
7
Suppose 120 = -z + 132. What is the greatest common divisor of z and 12?
12
Suppose -f - f = -64. Suppose 10*b = -242 - 18. Let w(k) = -k**3 - 28*k**2 - 55*k - 30. Let j be w(b). What is the greatest common factor of j and f?
16
Let b(c) = 86*c**2 + 20*c + 2. Let f be b(-2). What is the greatest common divisor of f and 18?
18
Suppose -3 = -2*a - a. Suppose 0 = 28*y + 8*y - 828. Calculate the greatest common divisor of y and a.
1
Let t(w) = 3175*w + 430. Let h be t(4). What is the highest common factor of h and 101?
101
Suppose -6091 - 52334 = -15*a. What is the highest common divisor of a and 665?
95
Let g(x) = x**3 - 4*x**2 - 8*x. Let z be g(6). Let r(m) = -34*m**2 - 19*m + 2. Let l be r(3). Let h = l + 417. Calculate the highest common factor of h and z.
8
Suppose l = 4*l - 15, 5*p - 2145 = -l. Let i = 458 - p. What is the highest common factor of i and 330?
30
Suppose 580*w - 576*w + 4*y = 256, -5*y + 256 = 4*w. Calculate the greatest common divisor of w and 7504.
16
Let p = 351 - 333. What is the greatest common factor of p and 11574?
18
Let z(k) = -k**3 - 30*k**2 + 27*k - 110. Let f be z(-31). Calculate the greatest common divisor of f and 2471.
7
Suppose 156 = -10*c - 594. Suppose -4*b - 5*y = 276, 200 = -3*b - 5*y - 7. Let u = b - c. Calculate the highest common factor of u and 42.
6
Let t = 0 - -13. Let w = t - -22. Let r be (22/6 + 3)/((-28)/(-21)). What is the greatest common divisor of w and r?
5
Let g(o) = 3*o + 3*o**2 + 18 + 5*o + 2*o**2 + 0*o. Let l be g(-4). Calculate the highest common divisor of 6 and l.
6
Let w(n) = 4*n**2 - n. Let i be w(2). Suppose s - 7 = 4*u, -6*s = u - s - i. Let d be (u/(-3))/(1/48). Calculate the greatest common divisor of d and 64.
16
Suppose 4*k + 387 - 1581 = -5*t, k - 480 = -2*t. Let p = -18 + t. Calcul